 6*c**2 - 40*c - 117. Let z be u(-3). Let g(v) = v**3 - v**2 + 2*v + 1. Determine g(z).
25
Let p(d) = d - 11. Suppose 82*y - 36 = 73*y. Suppose -y*r - 12 + 60 = 4*s, -52 = -3*s + r. What is p(s)?
5
Let g(j) = 3 + 26 - 1032*j + 2090*j - 1001*j - 6*j**2. Give g(10).
-1
Let g(n) = -2*n + 1. Let y be 11/((-66)/12) + 362. Let i = 356 - y. Calculate g(i).
9
Let o(c) be the first derivative of c**3/3 + 15*c**2/2 - 29*c + 568. Determine o(-17).
5
Suppose -3*q = q + 140. Let f = q - -32. Let d(a) be the third derivative of -a**6/120 - a**5/20 - a**3/2 + 3*a**2. Calculate d(f).
-3
Let j(q) = 2 - 2 + q**2 - 21586*q**3 + 21504*q**3. What is j(1)?
-81
Let x(j) = -231*j**2 + 1015*j - 53. Let l(n) = -314*n**2 + 1353*n - 71. Let f(b) = -14*l(b) + 19*x(b). Calculate f(-49).
-13
Let x(s) = s**3 - 16*s**2 + 26*s + 31. Let b(j) = 172*j + 1218. Let u be b(-7). What is x(u)?
3
Let q be -4 + 382 + (-20)/5. Let w be q/11 + (-1 - -2). Suppose 0 = -5*j - 3*m + 5*m - w, 3*j - 2*m + 25 = 0. Let k(d) = -d**2 - 4*d + 7. Calculate k(j).
2
Let x(g) = 276*g + 9672. Let q(n) = -29*n - 1010. Let h(w) = 48*q(w) + 5*x(w). Calculate h(-7).
-36
Let r(f) = 11*f + 128. Let i be (-20)/20 + -15 + (-2)/(-1). What is r(i)?
-26
Let w(d) = -27*d**2 + 2808*d - 1. Let z(f) = -28*f**2 + 3276*f - 1. Let m(o) = -7*w(o) + 6*z(o). Let j be -2 - (-1 + 4/(-2)). Determine m(j).
22
Let l(u) = -u**2 + u + 1. Suppose -2*n = -2*q + 24, 7*q + 30 = -4*n + 2*q. Suppose 2*i + 13 = -5. Let c = n - i. What is l(c)?
-1
Let j(l) be the third derivative of -7*l**4/12 - 47*l**3/6 - 2746*l**2. Determine j(-4).
9
Let n = -29 - -42. Suppose 4*y = n + 11. Let f(z) = 29*z - 4 - z**3 + y*z**2 + 3 - 35*z. Calculate f(5).
-6
Suppose 12*k - 57 = 3. Suppose -k*w = 26 + 4. Let i(f) = -f**2 - 8*f + 5. Calculate i(w).
17
Let u(a) be the second derivative of 2*a**3 - 233*a + 0 - 7*a**2 - 1/12*a**4. Determine u(10).
6
Suppose -3*y - 14 = -14. Let k(c) = c**3 + 4*c**2 - 3*c + 3. Let a(o) = -o**2 + o - 1. Suppose -12 = -2*x - 2*x. Let r(n) = x*a(n) + k(n). Give r(y).
0
Let c(a) = a**3 - 15*a**2 - 4. Let w be -20 + 23 + (2 - (-266)/2). Suppose 0 = w*m - 145*m + 105. Determine c(m).
-4
Let z = -10513 + 10505. Let t(j) = -j**3 - 6*j**2 + 13*j + 6. Give t(z).
30
Let o = 115 - 105. Suppose o*h = 7*h + 9. Let x(p) = -12*p**2 - h - 2*p + 11*p**2 + 0*p. Determine x(-2).
-3
Let x(l) = -l**3 - 6*l**2 - 6. Suppose 0 = -53*w + 48*w - 85. Let g = w + 13. Let i be g/3*27/6. Calculate x(i).
-6
Let w(z) = 4026*z**2 - 12*z - 4024*z**2 + 38*z - 26. Let u be w(1). Let q(r) = -r**3 + r + 1. Calculate q(u).
-5
Let v(h) be the second derivative of -h**4/12 - 11*h**3/3 - 105*h**2/2 - 469*h - 4. Calculate v(-14).
7
Let d(j) = 5*j**3 - 6*j**2 - 6*j - 1. Let a(p) = 3*p**3 - 3*p**2 - 3*p. Let o(q) = 3*a(q) - 2*d(q). Calculate o(-3).
47
Let f be (-1)/((-63)/14) - (-116)/(-36). Let j(z) be the second derivative of -z**5/20 - z**4/2 - 2*z**3/3 - 3*z**2/2 - 4*z. Calculate j(f).
-18
Let j(h) = -2*h + 3. Let r(f) = -4*f + 6. Let g(t) = 5*j(t) - 3*r(t). Let u(a) = -a**2 - 5*a + 6. Let n be u(-5). Calculate g(n).
9
Suppose -11*l - 2 = -2*t - 9*l, 0 = 5*t - l - 9. Suppose -x = h, 11*h + 5*x = 8*h + t. Let f(a) = 2*a**2 - 3*a - 2. Calculate f(h).
3
Let l(z) = -7*z - 42. Suppose -29 = 3*i - 2*x, -352*i + 348*i + 4*x - 44 = 0. Give l(i).
7
Let d(c) = 2*c**2 - 57*c - 53. Let q(t) = -4*t**2 + 99*t + 106. Let i(j) = -5*d(j) - 3*q(j). Determine i(9).
1
Let b(i) be the second derivative of i**4/12 + 5*i**3/6 - 4*i**2 + i. Let v = -70380 - -70376. Determine b(v).
-12
Suppose -4*v + 17*v - 1339 = 0. Let f(w) = w - 201 + 103 + v. Give f(3).
8
Let i(c) = -c**3 + 6*c**2 + 9*c - 10. Suppose 13*q - 17 = 9. Suppose 0 = -4*j + 4*f + 32, -3*j + q*f - 6*f = -10. Let l be 92/12 + (-4)/j. What is i(l)?
4
Let k be (72/45)/(136/(-510)). Let v(q) = -q**2 - 4*q + 42. Calculate v(k).
30
Let r(i) = -69*i - 17. Let h(p) = -525*p - 119. Let l(u) = 2*h(u) - 15*r(u). Determine l(1).
2
Let z(v) = -v**3 + 12*v**2 + 61*v - 621. Let q be z(13). Let d(o) be the first derivative of -o**q + 42 + 2*o - 3/2*o**2 + 1/4*o**4. Give d(3).
-7
Let b(c) = -c - 9. Let m(s) = -336*s - 324*s + 644*s + s**2 + 44. Let l be m(4). Determine b(l).
-5
Suppose 2*g - 3*g + 13 = 0. Suppose 3*t + 4*w - 24 = 0, w - g = -t - 2*w. Let c(p) = 4*p**2 - 5*p**2 + 1 - 5 - t*p. Determine c(-4).
-4
Let f = -41 - -47. Suppose 0 = f*t + 12 + 24. Let b(g) = g**3 + 6*g**2 + 3. Give b(t).
3
Let b be (-14)/49 + 47/(-7). Let d(p) be the third derivative of p**5/60 + p**4/4 - 32*p**2 + 9. Calculate d(b).
7
Let n(h) = 2*h**3 + 28*h**2 + 14*h + 4. Let u be (4 + -3)/((-210)/26 + 16 + -8). Calculate n(u).
160
Let j(v) = -6*v + 249 - v**2 + 256 - 511. Let l = -7 + 15. Suppose -3*c + 15 = -l*c, -5*f - 38 = c. What is j(f)?
-13
Let d(r) = -4*r + 3*r + 6*r - 4*r. Let j = -23126 + 23117. Calculate d(j).
-9
Let z = -46 + 155. Let w = -3187 - -3392. Let p(y) = -z*y - 103*y + w*y + 3. Determine p(-3).
24
Suppose 4896 = 13*r + 11*r. Let h(q) = 402 - r - 206 + q. Suppose 0 = -0*a - 2*a + 4*f - 8, 3*a - 4*f + 2 = 0. Give h(a).
-2
Suppose 0 = -13*p - 551 + 525. Let q(s) = s**3 + 4*s**2 - s - 2. Give q(p).
8
Let l(y) = -57*y - y**2 + 59 - 11*y**2 - 5*y**2 - 2 - y**3 - 6*y**2. What is l(-20)?
-3
Let s(h) be the first derivative of -2*h**2 - 13*h + 2558. Give s(-18).
59
Let j(c) = c**3 - 5*c**2 - 2. Let m = 2064 - 2062. Let p(n) = 10*n**2 - 2*n - 3*n**3 + 3 + 2*n - n. Let z(i) = m*p(i) + 5*j(i). Give z(-4).
-12
Let i(z) be the second derivative of z**4/12 + 4*z**3/3 + 3*z**2 + 2*z - 32. What is i(-9)?
15
Let y(o) = 3*o**3 - o**2 + 5*o + 1. Let q(n) = -n. Let s(x) = -5*q(x) - y(x). Let w = -231448 + 231447. Calculate s(w).
3
Let y(t) = 2*t**3 + t**2 - 6*t - 5. Suppose 2*d - 29*c + 13*c = -116, -3*d + 3*c = 27. Calculate y(d).
-5
Let l(v) = 6*v + 58. Let s(u) = 3*u**3 + 134*u**2 - 42*u + 126. Let j be s(-45). Give l(j).
4
Let r(o) = -2*o + 47*o**2 + 75*o**2 - 132*o**2 - 3 - o**3. Calculate r(-8).
-115
Suppose 5*r - 7 = -17. Let s be (r - 1)/((-15)/55). Let j(q) = 41*q - 17*q - s - 25*q. What is j(-7)?
-4
Let d(p) = 6*p**2 + 1. Suppose 3*o - 16 = -5*j, 1 = -5*j + 3*o + 5. What is d(j)?
25
Let v(u) = -3 - 2*u + 4 + 2 + 6. Let q be (-82)/(-451) - (-744)/22. Suppose -2*m = -q + 20. Determine v(m).
-5
Let r(c) be the third derivative of c**5/60 + c**4/12 - 2*c**3/3 + 3024*c**2. Suppose 0 = 2*s + 2*k + 16, -5*k - 1 = -3*s + 7. Calculate r(s).
4
Let v(q) = -3*q**2 + 29. Let d(t) = -10*t**2 + 90. Let u(x) = 2*d(x) - 7*v(x). Give u(7).
26
Let s(v) = -v - 2. Let m be -2*1 - (-9 - -5 - -2). Suppose -23*d + 20*d + 45 = m. Suppose 5*r + d = -10. Determine s(r).
3
Let c(i) = -i**2 - 4*i - 5. Let m be 12/(-8) - (-15)/10. Let o be c(m). Let f(l) = l**2 + 7*l + 7. Calculate f(o).
-3
Suppose -4*u = 2*c + 10, 0*c + 5*c + 3*u - 3 = 0. Suppose -5*p + 2 = -4*m, 0*p + 4*p = c*m + 1. Let f(s) = s**2. Give f(p).
4
Let y(f) = 5*f + 20. Let h be y(-5). Let o be (-276)/(-60) + (8/h - -1). Let u(j) = -j - o + 14 - 5 + 0*j. What is u(4)?
1
Let w(t) = 395*t + 50. Let g(b) = 103*b + 13. Let p(y) = -23*g(y) + 6*w(y). Give p(1).
2
Let b = -770 - -767. Let g(s) = -28*s**2 + 7*s + 19. Let d(n) = -13*n**2 + 3*n + 9. Let f(l) = -13*d(l) + 6*g(l). Give f(b).
-3
Let l(v) = -v**3 + 5*v**2 + 25*v + 9. Let q be l(8). Suppose -8*b - 3*x + 25 = -3*b, 5*x = 4*b + q. Let p(g) = 2*g**2 - 3*g + 1. Give p(b).
3
Let m(i) = -5*i - 28. Let p be 87/377*13*7/3. What is m(p)?
-63
Let d(n) = n**2 + 14*n. Suppose 1640*z - 252 = 1658*z. Calculate d(z).
0
Let s(y) = y + 3*y**3 + 3 + 2*y**3 - 6*y**2 + y**3 - 7*y**3. Let r(u) = -13*u - 9. Let b be r(-5). Let w = -62 + b. Determine s(w).
-3
Let c(p) = -p**3 - 9*p**2 - 9*p - 2. Let b be (-2)/9 + (-148)/36*-2. Suppose 17 = 5*s - b. Suppose 2*q + 12 = s*i - 3*i, 4*i = -2*q - 24. What is c(q)?
6
Let d(v) = 2*v**2 - v. Let j(y) = 3*y**2 + 20*y - 11. Let m(w) = d(w) - j(w). Calculate m(-22).
-11
Let w(y) = y**3 + y - 52. Let z = 4938 + -4938. Determine w(z).
-52
Suppose -2*x = -5*v + 51, -14*x + 32 = -18*x - 4*v. Let u(z) = z**3 + 14*z**2 + 13*z - 15. Determine u(x).
-15
Let s(n) = -25*n**2 - n - 2. Let d(y) = -y**2 - 5*y + 5. Let b be d(-5). Let l(c) = 51*c**2 + 2*c + 5. Let j(o) = b*s(o) + 2*l(o). Determine j(1).
-24
Let w(x) = -x**3 + 9*x**2 + 9*x + 13. Let z(j) = -26*j**